{"id":8,"date":"2011-08-15T15:00:31","date_gmt":"2011-08-15T15:00:31","guid":{"rendered":"http:\/\/www.restodutennis.ch\/dev\/wordpress\/?page_id=8"},"modified":"2023-05-03T06:57:03","modified_gmt":"2023-05-03T06:57:03","slug":"les-viandes","status":"publish","type":"page","link":"https:\/\/www.restodutennis.ch\/?page_id=8","title":{"rendered":"Les viandes"},"content":{"rendered":"<p>&nbsp;<\/p>\n<table border=\"0\" frame=\"VOID\" rules=\"NONE\" cellspacing=\"0\">\n<colgroup>\n<col width=\"353\" \/>\n<col width=\"46\" \/>\n<col width=\"43\" \/><\/colgroup>\n<tbody>\n<tr>\n<td align=\"LEFT\" height=\"17\">Cheeseburger de Boeuf, frites, salade<\/td>\n<td align=\"LEFT\">CHF<\/td>\n<td align=\"LEFT\">24.00<\/td>\n<\/tr>\n<tr>\n<td align=\"LEFT\" height=\"39\"><span style=\"font-size: medium;\">Entrec\u00f4te de boeuf caf\u00e9 de Paris<\/span><\/td>\n<td align=\"LEFT\"><span style=\"font-size: medium;\">CHF<\/span><\/td>\n<td align=\"RIGHT\"><span style=\"font-size: medium;\">40.00<\/span><\/td>\n<\/tr>\n<tr>\n<td align=\"LEFT\" height=\"39\"><span style=\"font-size: medium;\">Entrec\u00f4te de boeuf au poivre \u00ab\u00a0maison\u00a0\u00bb<\/span><\/td>\n<td align=\"LEFT\"><span style=\"font-size: medium;\">CHF<\/span><\/td>\n<td align=\"RIGHT\"><span style=\"font-size: medium;\">46.00<\/span><\/td>\n<\/tr>\n<tr>\n<td align=\"LEFT\" height=\"39\"><span style=\"font-size: medium;\">Tournedos aux 4 poivres<\/span><\/td>\n<td align=\"LEFT\"><span style=\"font-size: medium;\">CHF<\/span><\/td>\n<td align=\"RIGHT\"><span style=\"font-size: medium;\">48.00<\/span><\/td>\n<\/tr>\n<tr>\n<td align=\"LEFT\" height=\"39\"><span style=\"font-size: medium;\">Tournedos aux morilles<\/span><\/td>\n<td align=\"LEFT\"><span style=\"font-size: medium;\">CHF<\/span><\/td>\n<td align=\"RIGHT\"><span style=\"font-size: medium;\">48.00<\/span><\/td>\n<\/tr>\n<tr>\n<td align=\"LEFT\" height=\"39\"><span style=\"font-size: medium;\">Steak de boeuf caf\u00e9 de Paris<\/span><\/td>\n<td align=\"LEFT\"><span style=\"font-size: medium;\">CHF<\/span><\/td>\n<td align=\"RIGHT\"><span style=\"font-size: medium;\">28.00<\/span><\/td>\n<\/tr>\n<tr>\n<td align=\"LEFT\" height=\"39\"><span style=\"font-size: medium;\">Tartare de boeuf<\/span><\/td>\n<td align=\"LEFT\"><span style=\"font-size: medium;\">CHF<\/span><\/td>\n<td align=\"RIGHT\"><span style=\"font-size: medium;\">32.00<\/span><\/td>\n<\/tr>\n<tr>\n<td align=\"LEFT\" height=\"39\"><\/td>\n<td align=\"LEFT\"><\/td>\n<td align=\"RIGHT\"><\/td>\n<\/tr>\n<\/tbody>\n<\/table>\n<table border=\"0\" frame=\"VOID\" rules=\"NONE\" cellspacing=\"0\">\n<colgroup>\n<col width=\"353\" \/>\n<col width=\"46\" \/>\n<col width=\"43\" \/><\/colgroup>\n<tbody>\n<tr>\n<td align=\"LEFT\" width=\"289\" height=\"34\"><strong><span style=\"font-size: large;\">\u00a0<\/span><\/strong><\/td>\n<td align=\"LEFT\" width=\"41\"><\/td>\n<td align=\"LEFT\" width=\"43\"><\/td>\n<\/tr>\n<tr>\n<td align=\"LEFT\" height=\"17\"><\/td>\n<td align=\"LEFT\"><\/td>\n<td align=\"LEFT\"><\/td>\n<\/tr>\n<tr>\n<td align=\"LEFT\" height=\"17\"><span style=\"font-size: 24px;\">LES JUNIORS<\/span> (jusqu&rsquo;\u00e0 12 ans)<\/td>\n<td align=\"LEFT\"><\/td>\n<td align=\"LEFT\"><\/td>\n<\/tr>\n<tr>\n<td align=\"LEFT\" height=\"39\"><\/td>\n<td align=\"LEFT\"><\/td>\n<td align=\"RIGHT\"><\/td>\n<\/tr>\n<tr>\n<td align=\"LEFT\" height=\"39\"><span style=\"font-size: medium;\">Tranche pan\u00e9e de volaille, frites<\/span><\/td>\n<td align=\"LEFT\"><span style=\"font-size: medium;\">CHF<\/span><\/td>\n<td align=\"RIGHT\"><span style=\"font-size: medium;\">14.00<\/span><\/td>\n<\/tr>\n<\/tbody>\n<\/table>\n","protected":false},"excerpt":{"rendered":"<p>&nbsp; Cheeseburger de Boeuf, frites, salade CHF 24.00 Entrec\u00f4te de boeuf caf\u00e9 de Paris CHF 40.00 Entrec\u00f4te de boeuf au poivre \u00ab\u00a0maison\u00a0\u00bb CHF 46.00 Tournedos aux 4 poivres CHF 48.00 Tournedos aux morilles CHF 48.00 Steak de boeuf caf\u00e9 de Paris CHF 28.00 Tartare de boeuf CHF 32.00 \u00a0 LES JUNIORS (jusqu&rsquo;\u00e0 12 ans) Tranche [&hellip;]<\/p>\n","protected":false},"author":1,"featured_media":0,"parent":0,"menu_order":0,"comment_status":"open","ping_status":"closed","template":"","meta":[],"_links":{"self":[{"href":"https:\/\/www.restodutennis.ch\/index.php?rest_route=\/wp\/v2\/pages\/8"}],"collection":[{"href":"https:\/\/www.restodutennis.ch\/index.php?rest_route=\/wp\/v2\/pages"}],"about":[{"href":"https:\/\/www.restodutennis.ch\/index.php?rest_route=\/wp\/v2\/types\/page"}],"author":[{"embeddable":true,"href":"https:\/\/www.restodutennis.ch\/index.php?rest_route=\/wp\/v2\/users\/1"}],"replies":[{"embeddable":true,"href":"https:\/\/www.restodutennis.ch\/index.php?rest_route=%2Fwp%2Fv2%2Fcomments&post=8"}],"version-history":[{"count":35,"href":"https:\/\/www.restodutennis.ch\/index.php?rest_route=\/wp\/v2\/pages\/8\/revisions"}],"predecessor-version":[{"id":436,"href":"https:\/\/www.restodutennis.ch\/index.php?rest_route=\/wp\/v2\/pages\/8\/revisions\/436"}],"wp:attachment":[{"href":"https:\/\/www.restodutennis.ch\/index.php?rest_route=%2Fwp%2Fv2%2Fmedia&parent=8"}],"curies":[{"name":"wp","href":"https:\/\/api.w.org\/{rel}","templated":true}]}}