{"id":196,"date":"2011-08-26T15:44:16","date_gmt":"2011-08-26T15:44:16","guid":{"rendered":"http:\/\/www.restodutennis.ch\/dev\/wordpress\/?page_id=196"},"modified":"2018-01-13T15:55:56","modified_gmt":"2018-01-13T15:55:56","slug":"la-chasse","status":"publish","type":"page","link":"https:\/\/www.restodutennis.ch\/?page_id=196","title":{"rendered":"La chasse"},"content":{"rendered":"<p>&nbsp;<\/p>\n<p>Pendant la p\u00e9riode de chasse :<\/p>\n<p>carpaccio de cerf<\/p>\n<p>civet de cerf<\/p>\n<p>entrec\u00f4te de cerf<\/p>\n<p>m\u00e9daillons de chevreuil<\/p>\n<p>duo de chasse sur ardoise<\/p>\n<p>assiette de chasse vegetarienne<\/p>\n","protected":false},"excerpt":{"rendered":"<p>&nbsp; Pendant la p\u00e9riode de chasse : carpaccio de cerf civet de cerf entrec\u00f4te de cerf m\u00e9daillons de chevreuil duo de chasse sur ardoise assiette de chasse vegetarienne<\/p>\n","protected":false},"author":1,"featured_media":0,"parent":0,"menu_order":0,"comment_status":"open","ping_status":"open","template":"","meta":[],"_links":{"self":[{"href":"https:\/\/www.restodutennis.ch\/index.php?rest_route=\/wp\/v2\/pages\/196"}],"collection":[{"href":"https:\/\/www.restodutennis.ch\/index.php?rest_route=\/wp\/v2\/pages"}],"about":[{"href":"https:\/\/www.restodutennis.ch\/index.php?rest_route=\/wp\/v2\/types\/page"}],"author":[{"embeddable":true,"href":"https:\/\/www.restodutennis.ch\/index.php?rest_route=\/wp\/v2\/users\/1"}],"replies":[{"embeddable":true,"href":"https:\/\/www.restodutennis.ch\/index.php?rest_route=%2Fwp%2Fv2%2Fcomments&post=196"}],"version-history":[{"count":4,"href":"https:\/\/www.restodutennis.ch\/index.php?rest_route=\/wp\/v2\/pages\/196\/revisions"}],"predecessor-version":[{"id":274,"href":"https:\/\/www.restodutennis.ch\/index.php?rest_route=\/wp\/v2\/pages\/196\/revisions\/274"}],"wp:attachment":[{"href":"https:\/\/www.restodutennis.ch\/index.php?rest_route=%2Fwp%2Fv2%2Fmedia&parent=196"}],"curies":[{"name":"wp","href":"https:\/\/api.w.org\/{rel}","templated":true}]}}